s digit of w?
7
Suppose -320*q = -202*q - 5859054. What is the units digit of q?
3
Suppose 3*s + 10 = d + 3, -5*s = -2*d + 13. Suppose d*u + 11 = 31. Suppose -6 = -p - u*p. What is the units digit of p?
1
Let h(s) = -8*s**3 + 3*s**2 - 12*s - 8. What is the tens digit of h(-5)?
2
Let s be 320/(-30)*(-3)/2. Suppose -5*x = s - 1, -3*n = 4*x + 18. What is the tens digit of n/(-10) + (-940)/(-50)?
1
What is the hundreds digit of (14*(16 - 10))/(-1)*(-519)/2?
7
Let r = 128 + -131. Let b = 26 - 32. What is the units digit of r*(-210)/(-27)*b?
0
Suppose -3*d + 153 = -12*d. Let g = d - -23. Let m(r) = 2*r**3 - 9*r**2 - 4*r + 3. What is the tens digit of m(g)?
8
What is the tens digit of (-1 + 3651)*-13*18/(-468)?
2
Let d = 152364 - 89684. What is the tens digit of d?
8
Let a = -1299 + 4014. What is the hundreds digit of a?
7
Suppose 3*u - 214 - 449 = 0. Suppose -p - 2*l + u = 0, l + 649 = 3*p - 0*l. What is the units digit of p?
7
Let l = -348 + 362. Suppose 5*t = -5*s + 2560, -l*s + 2580 = 5*t - 13*s. What is the tens digit of t?
1
Let x(d) = 2*d + 31*d**2 - 28*d**2 - 17*d + 26. Suppose 40 + 37 = 11*o. What is the tens digit of x(o)?
6
Suppose 0*z + 8 = -2*m + 4*z, 0 = 3*m - z - 8. Suppose 0 = -s + 3, -1106 = -4*b + 6*s - m*s. What is the units digit of b?
8
Suppose -2*u + 4*g + 38864 + 67350 = 0, -265495 = -5*u + 2*g. What is the hundreds digit of u?
0
Suppose 6*m + 4*s = m + 9, -4*m + 5*s = -40. Suppose 20 = -3*d - 3*g + 50, m*d + 2*g = 53. Suppose -d*n + 195 - 41 = 0. What is the tens digit of n?
1
Let f(o) = o**3 - 9*o**2 + 6*o + 9. Let h be f(6). What is the units digit of 362 + (h/42)/(6/(-8))?
4
Let f = -298 - -376. What is the tens digit of 16789/13 + (-36)/f?
9
Let g = 94 + -118. Let f = 182 + g. Suppose -4*o + f = -614. What is the hundreds digit of o?
1
Let f be (-3496)/(-20) + -1 + 4/(-5). Let a = 433 - f. What is the units digit of a?
0
What is the thousands digit of (2/4)/(3/61944*2)?
5
What is the thousands digit of 25264/40*45/6?
4
Let a(j) = 7*j**3 + 23*j**2 - 196*j + 1824. What is the units digit of a(10)?
4
Let f = -74 - -84. Let j be 1301 - 5/(f/(-6)). Suppose -j = 11*y - 19*y. What is the units digit of y?
3
Let w(o) = 2*o**2 - 18*o + 16. Let b be w(8). Suppose 3*t + 12 = b, -1452 = -4*z - 4*t + 5*t. What is the tens digit of z?
6
Let q(r) = -r**3 + 4*r + 3. Let w be q(-2). Let y = -676 + 810. Suppose -3*g + 0*g = -2*k + 102, w*k + 5*g = y. What is the units digit of k?
8
Suppose -3*g + 347 + 172 = 3*h, -4*g = -3*h - 713. Let t = g + 46. What is the hundreds digit of t?
2
Suppose -z + 16*l + 85606 = 0, -85642 = -z - 394*l + 398*l. What is the ten thousands digit of z?
8
Suppose 3504335 = 163*a - 3664242. What is the thousands digit of a?
3
Suppose 2*y + 2*d - 12 = 0, -2*d - 36 = -5*y - 6. Suppose -y*g = -9*g + 1065. What is the units digit of g?
5
Let d = -711 - -715. Suppose 2*y = -d*p + 1872, -6*y = -9*y + 2*p + 2792. What is the units digit of y?
2
Let o(d) = d**3 - 44*d**2 - 1412*d + 10. What is the thousands digit of o(-20)?
2
Let j(d) = -76*d + 71. Let l be j(3). Let f = 133 - l. What is the units digit of f?
0
Let v(m) = -115 - 23*m + 13*m**2 - 2*m**2 + 113. What is the tens digit of v(3)?
2
Let u = 303 + -305. Let b(a) = 80*a**2 - 2*a - 13. What is the hundreds digit of b(u)?
3
Let z be 22164*(1/(-4) + 21/14). Suppose 60*r - 112845 = -z. What is the hundreds digit of r?
4
Suppose 190*i + 326 = 191*i. Suppose 2*o = 2324 + i. What is the thousands digit of o?
1
Suppose -3*k + 2*k = -0*k. Suppose -10*l + 14*l - 200 = k. Suppose m - l = -m. What is the tens digit of m?
2
Suppose -n + 4605 + 4732 = 0. What is the hundreds digit of n?
3
Let q = 24476 + -13906. What is the units digit of q?
0
Suppose 0 = -87*h + 77*h + 59720. What is the hundreds digit of h?
9
Let h(k) = k**2 - 9*k - 4. Let z be h(10). Let c be ((-1)/3)/(z/(-126)). Suppose c*u - 564 - 850 = 0. What is the units digit of u?
2
Suppose 4*f - f - 30 = 0. Suppose -f*x = -6*x - 40. Suppose 0 = 4*v + x - 78. What is the tens digit of v?
1
Let v be (4/(-3))/(24/(-72)). What is the units digit of (-3 - 6227/(-15)) + v/(-30)?
2
Suppose 0 = -r + 2*s - 131, -4*r - 3*s - 411 = -r. Let f = r + 306. What is the hundreds digit of f?
1
Let h(r) = -r**3 - 25*r**2 + 116*r + 358. What is the units digit of h(-40)?
8
Suppose 10004 = 2*t - 12*q + 17*q, 4980 = t - 3*q. What is the units digit of t?
2
Suppose -8*u + m = -6*u - 9094, 3*u + 5*m - 13680 = 0. What is the hundreds digit of u?
5
Suppose 350*u - 5*z = 348*u + 59642, u + 3*z = 29810. What is the tens digit of u?
1
Let a(b) = -2*b**2 + 3*b - 3. Let r be a(5). Let d = 38 + r. Suppose d = -24*s + 25*s - 115. What is the units digit of s?
5
Let x = 1742 - 746. What is the units digit of x?
6
Let u(z) = 3*z**2 + 62*z + 424. Let w be u(-10). Suppose -m - 5*y = -78 - 24, 5*m + 4*y - 531 = 0. Let p = m - w. What is the units digit of p?
3
What is the hundreds digit of -12 + 8 - -20273 - -20?
2
Suppose 0 = -k - 4*r - 38, 152 = -k - 3*k + 5*r. Let c = k + 265. What is the units digit of c?
7
Suppose -2*y = -3*j + y - 237, -j = 4*y + 84. Let o = j - -58. Let r = 120 - o. What is the tens digit of r?
4
Let j(g) be the third derivative of g**6/60 - 41*g**5/60 - 11*g**4/12 + 11*g**3/3 - 40*g**2. Let l be j(21). What is the units digit of 0 - l - ((-5 - 2) + 4)?
2
Let i(v) = -v**3 + 5*v**2 + 5*v + 12. Let n be -3 + 2 + -4 + 11. Let x be i(n). Suppose 0 = -x*u + 9*u - 243. What is the units digit of u?
1
What is the units digit of (4 + 27)*1*1*59?
9
Let w(y) = 251*y + 194. Let k(h) = -h - 1. Let j(l) = -4*k(l) - w(l). What is the thousands digit of j(-6)?
1
Let i(s) = -1127*s - 917. What is the units digit of i(-1)?
0
Let h(o) be the second derivative of -13*o**6/360 - o**5/30 - 5*o**4/12 - 25*o. Let m(z) be the third derivative of h(z). What is the tens digit of m(-5)?
2
Let p(v) be the first derivative of 29*v**2/2 + 5*v + 7. Let g be p(3). Suppose -3*b - 107 = -2*h, 2*h + 2*b - g = -0*b. What is the units digit of h?
9
Let z be (7 - 1) + (14 - 9) + 75. What is the hundreds digit of ((-114)/(-12) - -3 - -6)*z?
5
Let d(m) = 57*m - 98. Let h be d(-8). Let g = 552 - h. What is the units digit of g?
6
Let x(m) = m**2 - 20*m - 23. Let v be x(21). What is the units digit of 4 + (-373)/v + 9/18?
1
Let n(d) = 1. Let b(l) = -2*l - 14. Let w(i) = -b(i) + 4*n(i). Let k be w(13). Suppose -5*r + k = -a + 219, 4*a - 4*r = 636. What is the tens digit of a?
5
Let z(d) = 14*d**3 + 2*d**2 - d + 7. Let k be z(3). Let u(w) = 2*w**2 + 3*w + 3. Let y be u(-2). Suppose -k = -y*f + 4*n, -n = n. What is the tens digit of f?
8
Suppose 2*p - 6 + 10 = 0. What is the thousands digit of ((-1096)/p)/(4/(-48)*-6)?
1
Let z = -673 - -4989. What is the units digit of z?
6
Let r(h) = -6317*h + 1719. What is the ten thousands digit of r(-4)?
2
Let j = -241 + 236. What is the units digit of 426 - (5 - (j + 7))?
3
Let o be (-9 + -4 + 15)*(-1)/1. Let q(m) = -17*m**3 - 2 + 4*m**2 + 0*m + 3*m - m**2. What is the units digit of q(o)?
0
Let m(h) = -h**3 + 75*h**2 + 96*h + 92. What is the thousands digit of m(76)?
1
Let o(n) = 6*n - 6. Let a(v) = -11*v + 11. Let s(j) = 3*a(j) + 5*o(j). Let r be s(-1). Suppose -r*k = -33 - 21. What is the units digit of k?
9
Suppose 3*s + 3*u + 640 = 1864, 5 = 5*u. Suppose -18*j + 15*j = -2*b + s, 2*j + 810 = 4*b. What is the tens digit of b?
0
Suppose -3*i - 44017 = -5*m, -667*m + 662*m = 4*i - 44059. What is the thousands digit of m?
8
Suppose -7 = -2*y - 4*x + 5, 4*x - 10 = -y. Let f be -1 - 48 - (-3 - y - -4). What is the units digit of (1*-3)/(f/400)?
5
Let r = -8961 + 26618. What is the tens digit of r?
5
Let r be 3 + (-6)/6 + -11. What is the units digit of (-1266)/(-8)*(21/r - -5)?
2
Let h = 61 + 51. Let o = -46 + h. What is the units digit of o?
6
What is the thousands digit of ((-8618)/(-5))/(4212/120 + -35)?
7
Suppose -172*q = -175*q + 12. Let s = -2 + 5. Suppose -2*w + q*w = -s*d + 197, 0 = 2*d + 10. What is the units digit of w?
6
Suppose 0 = 2*c + c - d - 15, -4*c + 5*d + 20 = 0. Suppose c*z + 2*z - 21 = 0. Suppose -z*k = -3*o - 246, -2*o = -3*k - 4*o + 246. What is the tens digit of k?
8
Let v(x) = 2*x**3 + x**2 - 8*x + 15. Suppose 0 = 7*p - 3*p - 24. Let a be v(p). Let b = a + -270. What is the hundreds digit of b?
1
Suppose 47*k - 